{"id":2,"date":"2025-03-13T19:40:43","date_gmt":"2025-03-13T19:40:43","guid":{"rendered":"https:\/\/detlilleslot.dk\/?page_id=2"},"modified":"2025-09-19T19:21:27","modified_gmt":"2025-09-19T19:21:27","slug":"sample-page","status":"publish","type":"page","link":"https:\/\/detlilleslot.dk\/?page_id=2","title":{"rendered":"PRISER &amp; INDHOLD"},"content":{"rendered":"\n<p><strong>Selskaber op til 60 personer<\/strong><\/p>\n\n\n\n<p>\u00d8nsker I at holde et selskab p\u00e5 Det Lille Slot kan I her se hvad der er inkluderet n\u00e5r I lejer huset og hvad I selv skal medbringe.<\/p>\n\n\n\n<p>Huset kan lejes som et helt hus med v\u00e6relser eller det kan deles, s\u00e5 man kun lejer underetagen til dagsarrangementer.<\/p>\n\n\n\n<h2 class=\"wp-block-heading\">DET LILLE SLOT LEVERER<\/h2>\n\n\n\n<p>&#8211; Parkering med belysning<\/p>\n\n\n\n<p>&#8211; 2 toiletter ved selskabslokale (inkl. h\u00e5ndkl\u00e6der)<\/p>\n\n\n\n<p>&#8211; K\u00f8kken<\/p>\n\n\n\n<p>&#8211; 2 spisestuer (plads til max 60)<\/p>\n\n\n\n<p>&#8211; 1 stue<\/p>\n\n\n\n<p>&#8211; Terasse<\/p>\n\n\n\n<p>&#8211; 8 hojborde<\/p>\n\n\n\n<p>&#8211; Porcel\u00e6n, glas, bestik til 60 pax<\/p>\n\n\n\n<p>&#8211; Lysestager<\/p>\n\n\n\n<p>&#8211; Slutreng\u00f8ring (mod gebyr)<\/p>\n\n\n\n<h2 class=\"wp-block-heading\">I ST\u00c5R SELV FOR<\/h2>\n\n\n\n<p>&#8211; S\u00e6tte borde og stole op efter eget \u00f8nske \/ s\u00e6tte det tilbage efter fest<\/p>\n\n\n\n<p>&#8211; Blomster<\/p>\n\n\n\n<p>&#8211; Duge<\/p>\n\n\n\n<p>&#8211; Toiletpapir<\/p>\n\n\n\n<p>&#8211; Catering &#8211; I st\u00e5r selv for mad, men vi kan anbefale en leverand\u00f8r<\/p>\n\n\n\n<p>&#8211; Musikbox (kan evt. l\u00e5nes mod gebyr)<\/p>\n\n\n\n<h2 class=\"wp-block-heading\">HUSETS INDRETNING<\/h2>\n\n\n\n<p>2. etage:<\/p>\n\n\n\n<p>14 sovepladser (evt. plus en madras og en babyseng) inkl. senget\u00f8j og h\u00e5ndkl\u00e6der<\/p>\n\n\n\n<p>7 sovev\u00e6relser med f\u00f8lgende indretning:<\/p>\n\n\n\n<p> 4 dobbeltsenge<\/p>\n\n\n\n<p>5 enkeltsenge<\/p>\n\n\n\n<p>1 udtr\u00e6ksseng<\/p>\n\n\n\n<p>4 badv\u00e6relser<\/p>\n\n\n\n<figure class=\"wp-block-gallery has-nested-images columns-default is-cropped wp-block-gallery-1 is-layout-flex wp-block-gallery-is-layout-flex\">\n<figure class=\"wp-block-image size-large\"><img loading=\"lazy\" decoding=\"async\" width=\"1024\" height=\"683\" data-id=\"1481\" src=\"https:\/\/detlilleslot.dk\/wp-content\/uploads\/2025\/09\/NLV1163-1024x683.jpg\" alt=\"\" class=\"wp-image-1481\" srcset=\"https:\/\/detlilleslot.dk\/wp-content\/uploads\/2025\/09\/NLV1163-1024x683.jpg 1024w, https:\/\/detlilleslot.dk\/wp-content\/uploads\/2025\/09\/NLV1163-300x200.jpg 300w, https:\/\/detlilleslot.dk\/wp-content\/uploads\/2025\/09\/NLV1163-768x513.jpg 768w, https:\/\/detlilleslot.dk\/wp-content\/uploads\/2025\/09\/NLV1163-1140x761.jpg 1140w, https:\/\/detlilleslot.dk\/wp-content\/uploads\/2025\/09\/NLV1163.jpg 1500w\" sizes=\"auto, (max-width: 1024px) 100vw, 1024px\" \/><\/figure>\n\n\n\n<figure class=\"wp-block-image size-large\"><img loading=\"lazy\" decoding=\"async\" width=\"1024\" height=\"683\" data-id=\"1480\" src=\"https:\/\/detlilleslot.dk\/wp-content\/uploads\/2025\/09\/NLV1152-1024x683.jpg\" alt=\"\" class=\"wp-image-1480\" srcset=\"https:\/\/detlilleslot.dk\/wp-content\/uploads\/2025\/09\/NLV1152-1024x683.jpg 1024w, https:\/\/detlilleslot.dk\/wp-content\/uploads\/2025\/09\/NLV1152-300x200.jpg 300w, https:\/\/detlilleslot.dk\/wp-content\/uploads\/2025\/09\/NLV1152-768x513.jpg 768w, https:\/\/detlilleslot.dk\/wp-content\/uploads\/2025\/09\/NLV1152-1140x761.jpg 1140w, https:\/\/detlilleslot.dk\/wp-content\/uploads\/2025\/09\/NLV1152.jpg 1500w\" sizes=\"auto, (max-width: 1024px) 100vw, 1024px\" \/><\/figure>\n\n\n\n<figure class=\"wp-block-image size-large\"><img loading=\"lazy\" decoding=\"async\" width=\"236\" height=\"320\" data-id=\"15\" src=\"https:\/\/detlilleslot.dk\/wp-content\/uploads\/2025\/03\/Sal2.jpg\" alt=\"\" class=\"wp-image-15\" srcset=\"https:\/\/detlilleslot.dk\/wp-content\/uploads\/2025\/03\/Sal2.jpg 236w, https:\/\/detlilleslot.dk\/wp-content\/uploads\/2025\/03\/Sal2-221x300.jpg 221w\" sizes=\"auto, (max-width: 236px) 100vw, 236px\" \/><\/figure>\n<\/figure>\n\n\n\n<h2 class=\"wp-block-heading\">PRISPAKKER<\/h2>\n\n\n\n<p>Hele huset fredag fra 12- s\u00f8ndag 14: 25000 plus reng\u00f8ring 4000<\/p>\n\n\n\n<p>Firmamiddage eller frokost dagspris til max 14: 10.000 plus reng\u00f8ring 2500kr (kun stueetage)<\/p>\n\n\n\n<p>Mere end 14 g\u00e6ster dkk 12500 plus reng\u00f8ring dkk 2500<\/p>\n\n\n\n<p>24 timers leje inkl. overnatning: dkk 15000 plus reng\u00f8ring dkk 4000<\/p>\n\n\n\n<p>Ved ophold l\u00e6ngere end 3 n\u00e6tter bedes bookes gennem Landfolk.com<\/p>\n\n\n\n<figure class=\"wp-block-image size-large\"><img loading=\"lazy\" decoding=\"async\" width=\"1024\" height=\"683\" src=\"https:\/\/detlilleslot.dk\/wp-content\/uploads\/2025\/06\/NLV1131-1024x683.jpg\" alt=\"\" class=\"wp-image-1341\" srcset=\"https:\/\/detlilleslot.dk\/wp-content\/uploads\/2025\/06\/NLV1131-1024x683.jpg 1024w, https:\/\/detlilleslot.dk\/wp-content\/uploads\/2025\/06\/NLV1131-300x200.jpg 300w, https:\/\/detlilleslot.dk\/wp-content\/uploads\/2025\/06\/NLV1131-768x513.jpg 768w, https:\/\/detlilleslot.dk\/wp-content\/uploads\/2025\/06\/NLV1131-1140x761.jpg 1140w, https:\/\/detlilleslot.dk\/wp-content\/uploads\/2025\/06\/NLV1131.jpg 1500w\" sizes=\"auto, (max-width: 1024px) 100vw, 1024px\" \/><\/figure>\n","protected":false},"excerpt":{"rendered":"<p>Selskaber op til 60 personer \u00d8nsker I at holde et selskab p\u00e5 Det Lille Slot kan I her se hvad der er inkluderet n\u00e5r I lejer huset og hvad I selv skal medbringe. Huset kan lejes som et helt hus med v\u00e6relser eller det kan deles, s\u00e5 man kun lejer underetagen til dagsarrangementer. DET LILLE SLOT LEVERER &#8211; Parkering med belysning &#8211; 2 toiletter ved selskabslokale (inkl. h\u00e5ndkl\u00e6der) &#8211; K\u00f8kken &#8211; 2 spisestuer (plads til max 60) &#8211; 1 stue &#8211; Terasse &#8211; 8 hojborde &#8211; Porcel\u00e6n, glas, bestik til 60 pax &#8211; Lysestager &#8211; Slutreng\u00f8ring (mod gebyr) I ST\u00c5R SELV FOR &#8211; S\u00e6tte borde og stole op efter eget \u00f8nske \/ s\u00e6tte det tilbage efter fest &#8211; Blomster &#8211; Duge &#8211; Toiletpapir &#8211; Catering &#8211; I st\u00e5r selv for mad, men vi kan anbefale en leverand\u00f8r &#8211; Musikbox (kan evt. l\u00e5nes mod gebyr) HUSETS INDRETNING 2. etage: 14 sovepladser (evt. plus en madras og en babyseng) inkl. senget\u00f8j og h\u00e5ndkl\u00e6der 7 sovev\u00e6relser med f\u00f8lgende indretning: 4 dobbeltsenge 5 enkeltsenge 1 udtr\u00e6ksseng 4 badv\u00e6relser PRISPAKKER Hele huset fredag fra 12- s\u00f8ndag 14: 25000 plus reng\u00f8ring 4000 Firmamiddage eller frokost dagspris til max 14: 10.000 plus reng\u00f8ring 2500kr (kun stueetage) Mere end 14 g\u00e6ster dkk 12500 plus reng\u00f8ring dkk 2500 24 timers leje inkl. overnatning: dkk 15000 plus reng\u00f8ring dkk 4000 Ved ophold l\u00e6ngere end 3 n\u00e6tter bedes bookes gennem Landfolk.com<\/p>\n","protected":false},"author":1,"featured_media":0,"parent":0,"menu_order":0,"comment_status":"closed","ping_status":"open","template":"","meta":{"footnotes":""},"class_list":["post-2","page","type-page","status-publish","hentry"],"_links":{"self":[{"href":"https:\/\/detlilleslot.dk\/index.php?rest_route=\/wp\/v2\/pages\/2","targetHints":{"allow":["GET"]}}],"collection":[{"href":"https:\/\/detlilleslot.dk\/index.php?rest_route=\/wp\/v2\/pages"}],"about":[{"href":"https:\/\/detlilleslot.dk\/index.php?rest_route=\/wp\/v2\/types\/page"}],"author":[{"embeddable":true,"href":"https:\/\/detlilleslot.dk\/index.php?rest_route=\/wp\/v2\/users\/1"}],"replies":[{"embeddable":true,"href":"https:\/\/detlilleslot.dk\/index.php?rest_route=%2Fwp%2Fv2%2Fcomments&post=2"}],"version-history":[{"count":9,"href":"https:\/\/detlilleslot.dk\/index.php?rest_route=\/wp\/v2\/pages\/2\/revisions"}],"predecessor-version":[{"id":1577,"href":"https:\/\/detlilleslot.dk\/index.php?rest_route=\/wp\/v2\/pages\/2\/revisions\/1577"}],"wp:attachment":[{"href":"https:\/\/detlilleslot.dk\/index.php?rest_route=%2Fwp%2Fv2%2Fmedia&parent=2"}],"curies":[{"name":"wp","href":"https:\/\/api.w.org\/{rel}","templated":true}]}}